se -6*v = -v + 1765. Let o = v - -366. What is the remainder when 232 is divided by o?
11
Let r be ((-152)/(-14))/4 + (-2)/(-7). Let j(z) = -3*z - 1. Let a be j(-9). Suppose -r*u - 16 = u, c = 4*u + a. Calculate the remainder when 13 is divided by c.
3
Suppose 4*p - 52 = -4*u, 2*p - 16 = -3*u + 5. Let k(a) = 6*a - 89. What is the remainder when k(p) is divided by 3?
1
Let q(v) = 7*v**2 - 36*v - 13. Calculate the remainder when 443 is divided by q(9).
213
Let u be (-2873)/(-39) + 2/6. Calculate the remainder when 42 is divided by u/185 - (-56)/10.
0
Suppose 35 - 35 = 5*b. Suppose 0 = 2*m - b*m - 56. Let d = 18 + -12. What is the remainder when m is divided by d?
4
Let g(m) = -m**2 - 632*m + 3896. Suppose 0 = -0*f - 2*f + 10. Calculate the remainder when g(6) is divided by f.
3
Let g(i) = -6*i**2 + 487*i - 115. What is the remainder when 6733 is divided by g(76)?
10
Suppose 2156 = 111*u - 107*u - 2*g, 2*g - 2704 = -5*u. What is the remainder when u is divided by 108?
0
Suppose 5*l = -c + 420, 37*c + 415 = 5*l + 39*c. What is the remainder when 5012 is divided by l?
82
Suppose -453 = -4*h - 145. Let a = -148 + -7. Let f = -147 - a. What is the remainder when h is divided by f?
5
Let f(q) = q**3 + 16*q**2 + 5*q - 71. Let b be f(-10). Let j = 551 - b. Calculate the remainder when j is divided by 30.
12
Let d(u) = 2*u**3 - 20*u**2 - 14*u - 40. What is the remainder when 4943 is divided by d(11)?
47
Let w = 17125 - 17120. What is the remainder when ((-2)/4)/(1/(-144)) is divided by w?
2
Suppose -261 = 31*q - 76*q + 1359. Let x = -51 + -29. Let m = x - -186. What is the remainder when m is divided by q?
34
Suppose -53*h - 4695 = 234. What is the remainder when 73 is divided by h/(-310) + (-314)/(-20)?
9
Let m = 15500 + -13364. Calculate the remainder when m is divided by 14.
8
Suppose -2016 = 114*i - 210*i. Calculate the remainder when 563*(-1)/3*-3 is divided by i.
17
Suppose 4*x = 2 + 18. Suppose -x*z + 270 = -0*z. Suppose -3*d + z = -4*v, 41 = 3*d + d + 5*v. What is the remainder when 55 is divided by d?
13
Suppose 3*k = -3*h + k + 201, 0 = -2*h - 4*k + 118. Calculate the remainder when h is divided by 6.
5
Let c = 10230 + -8274. What is the remainder when c is divided by 648?
12
Let u be ((-2)/3 + 6/9)/(-2). Suppose 5*b - b + 8 = u. What is the remainder when (-5368)/(-56) - b/14 is divided by 33?
30
Suppose 15*o + 3*o + 33*o - 143208 = 0. What is the remainder when o is divided by 37?
33
Suppose 0 = g - 6*g + 20. Suppose 2*u - 3*t - 25 = -6*t, -g*u - 2*t = -62. Suppose -511 - 322 = -17*z. Calculate the remainder when z is divided by u.
15
Suppose 3*s - 219 = 381. Suppose -3*j - 436 = -4*f, 7*j = 2*f + 10*j - s. What is the remainder when f is divided by -1*(2 + 1)*-9?
25
Suppose 0 = 5*w - 25, 0 = -2*g - 3*w + 26 + 75. Suppose 3*h - 77 = -4*m + g, 2*h - 80 = 2*m. What is the remainder when 158 is divided by h?
38
Let s(l) = -l**3 - 9*l**2 + 2*l - 8. Let w be s(-10). Let c = w + -165. Calculate the remainder when -3*c/9 - -3 is divided by 9.
7
Let u be (-6594)/(-154) - 2*1/(-11). Let w = u - -66. Suppose 127 + w = 4*y. Calculate the remainder when y is divided by 30.
29
Let l(v) = -v**3 - 92*v**2 - 83*v + 917. Calculate the remainder when l(-91) is divided by 36.
9
Let k(o) = o**2 - 11*o + 53. Let i(t) = 2*t**2 + t - 2. Calculate the remainder when i(11) is divided by k(12).
56
Suppose g + 4*g + 1049 = z, 4*z + 5*g = 3996. Calculate the remainder when z is divided by 46.
43
Let q(i) = -100*i + 1913. What is the remainder when q(12) is divided by 51?
50
Let i(y) = -3*y**2 - 3*y - 3. Let u be i(-5). Let a = 59 + u. Calculate the remainder when (a + 58/10)/((-3)/(-45)) is divided by 8.
3
Let b be (-12)/27*51*84/(-8). Let a = 258 - b. What is the remainder when 29 is divided by a?
9
Suppose 11*t - 103 = 260. Suppose t = o + 3*a, -a - 3*a = -2*o + 26. Calculate the remainder when 208 is divided by o.
19
Calculate the remainder when 117/9 + 359 - 13 is divided by 90.
89
Suppose -m + 6117 + 4795 = -3*r, -4*r - 21822 = -2*m. What is the remainder when m is divided by 11?
8
Suppose -11 = 2*s - 65. Suppose 18 = 2*z - 5*h, 3*z - s = 75*h - 71*h. What is the remainder when 96 is divided by z?
6
Suppose -720 = -13*s - 3*s. What is the remainder when 399 is divided by s?
39
Let f(k) = -k**2 + 49*k + 197. What is the remainder when 358 is divided by f(51)?
73
Let q = -159 - -345. What is the remainder when q is divided by (15/(-10))/((-2)/28)?
18
Let j = 10264 + -8941. What is the remainder when j is divided by 120?
3
Suppose -35*w = 11*w - 12*w - 6902. Calculate the remainder when w is divided by 45.
23
Suppose -92112 = 1600*d - 1046*d - 958*d. Suppose 4*c = 23 + 109. What is the remainder when d is divided by c?
30
Let c = 156 - -290. Suppose -3*a = -c - 463. Suppose 0 = 2*d - 4*x - 98, -4*d + 4*x - 18 + 218 = 0. What is the remainder when a is divided by d?
48
Let x(z) = 9*z - 16. Let u be (-26)/(-12) - (0 - 1/(-6)). Let o = 5 - u. What is the remainder when 40 is divided by x(o)?
7
Let c = -214 + 212. Calculate the remainder when 70 is divided by 15/((-105)/(-91)) + c + 0.
4
Let m = 93 + 81. Let v = m + -103. Suppose 3*h - 35 = 10. What is the remainder when v is divided by h?
11
Let v = -20 - -24. Suppose 4*h = -5*f + 28, f = v*f + 4*h - 12. What is the remainder when 23 is divided by f?
7
Let l(s) = -s**2 + 7. Let o be l(-2). Suppose -17*t - o = -54. What is the remainder when 46 is divided by t?
1
Let w(j) = j**3 - 2*j**2 - 5*j + 3. Suppose c = -c + 156. What is the remainder when (c/4)/(((-6)/(-4))/3) is divided by w(4)?
9
What is the remainder when 210 is divided by (246/8)/((-72)/(-288))?
87
What is the remainder when (11 + (-9 - (-240)/(-45)))/((-2)/87) is divided by 28?
5
Let f = 175 - 91. Let x = 13373 - 13336. What is the remainder when f is divided by x?
10
Suppose 89*v = 91*v - 626. Suppose 4*r = -261 + v. Suppose -2*z + 25 = 3*z. Calculate the remainder when r is divided by z.
3
Suppose 57*a - 59616 = 2*a - 41*a. Calculate the remainder when a is divided by 25.
21
Let d = -629 - -903. Calculate the remainder when ((-1072)/22)/(17834/407 + -44) is divided by (-4)/6 + d/6.
43
Suppose 5*b = -3 - 2, 0 = -2*q + 2*b + 86. Let d = 1449 + -579. Suppose 255 = -5*w + d. What is the remainder when w is divided by q?
39
What is the remainder when 3/5 - 13/390*-54762 is divided by 21?
20
Suppose -485 = -11*t + 175. Suppose 4*u = 8*u - 5*w - 743, 2*u = w + 373. Calculate the remainder when u is divided by t.
7
Let q(l) = -102*l + 1402. Let v be q(11). Suppose -4*c + j + 3*j + 4 = 0, -3*j + 17 = c. Suppose 1015 = c*g + v. What is the remainder when g is divided by 38?
33
Suppose -3*b = 10*b + 2*b - 2040. What is the remainder when 1086 is divided by b?
134
Let i(x) = x**3 - 2*x**2 + 8*x - 33. Let j be i(-7). Let u = j - -836. What is the remainder when u is divided by 11?
9
Let t = 262 + 1815. What is the remainder when t is divided by 208?
205
Let p(o) = 5*o - 9 - 5*o - o**3 - 2*o**2 - o**2 + o. Let t be p(-6). Suppose -5*u + t = -4*j - 188, 5*j = -20. Calculate the remainder when u is divided by 18.
17
Let x be (-2)/(-3)*(50 + 7). Let d be 0 - -2 - (-114 + -1). Let c = d - x. What is the remainder when c is divided by 20?
19
Suppose t = -5*u + 35, -t - 3*u + 266 = 229. What is the remainder when t is divided by 4*2/8*14?
12
Let g be 1/(19/38 + (-74)/150). Suppose g*l - 148*l - 486 = 0. Calculate the remainder when l is divided by 35.
33
Suppose -t + 998 = i, -3*t = -168*i + 163*i - 3026. What is the remainder when t is divided by 252?
246
Let d(v) = 10*v - 33. Let s be d(-12). Let i = s + 371. What is the remainder when i is divided by 38?
28
Let n be (-35)/2*(-540)/189. Suppose -b + 61 = n. What is the remainder when 151 is divided by b?
8
Suppose 7*h - 2*h + 5 = 0. Calculate the remainder when 5*28/10 + -2 + h is divided by 7.
4
Let m = -31 + 33. Suppose -3*p = -3*z - 6, -m*z - 11 = -4*p + z. Suppose p*v + 215 = 10*v. What is the remainder when v is divided by 11?
10
Let w be (-494)/(-13) + 1/1. Suppose w*d = 47*d - 568. Calculate the remainder when d is divided by 38.
33
Let m = 551 + -335. Let a = m - 195. Calculate the remainder when 88 is divided by a.
4
Suppose 267 = 3*i + c, 4*i + 2*c - 318 = 36. What is the remainder when 626 is divided by i?
86